igit of 67316241?
6
What is the millions digit of 21536149?
1
What is the hundred millions digit of 1221059943?
2
What is the hundred thousands digit of 5280676106?
6
What is the hundred millions digit of 262116434?
2
What is the tens digit of 4306821?
2
What is the hundred thousands digit of 2603862750?
8
What is the ten millions digit of 1322250399?
2
What is the ten millions digit of 39478957?
3
What is the ten millions digit of 33763092?
3
What is the hundreds digit of 624209513?
5
What is the ten millions digit of 6878207707?
7
What is the thousands digit of 33253155?
3
What is the tens digit of 37012550?
5
What is the ten millions digit of 397839955?
9
What is the millions digit of 82495701?
2
What is the tens digit of 41563379?
7
What is the millions digit of 1934178983?
4
What is the units digit of 2875525462?
2
What is the tens digit of 389776960?
6
What is the units digit of 27505456?
6
What is the units digit of 278429366?
6
What is the hundred thousands digit of 80058625?
0
What is the thousands digit of 433855704?
5
What is the hundred millions digit of 383713655?
3
What is the hundred thousands digit of 74755160?
7
What is the thousands digit of 1039186697?
6
What is the ten thousands digit of 127058272?
5
What is the millions digit of 4977546?
4
What is the hundred thousands digit of 4305009?
3
What is the units digit of 1746668334?
4
What is the units digit of 5908908938?
8
What is the hundreds digit of 269140488?
4
What is the ten thousands digit of 723657530?
5
What is the hundred millions digit of 2961866435?
9
What is the ten millions digit of 253969682?
5
What is the tens digit of 248619226?
2
What is the millions digit of 63210190?
3
What is the thousands digit of 113009128?
9
What is the hundred millions digit of 6345163593?
3
What is the hundreds digit of 343831518?
5
What is the ten millions digit of 64713075?
6
What is the hundreds digit of 2264663288?
2
What is the hundreds digit of 1460089239?
2
What is the thousands digit of 2141257096?
7
What is the thousands digit of 262486652?
6
What is the ten thousands digit of 20842689?
4
What is the hundred thousands digit of 3576938591?
9
What is the ten millions digit of 86342094?
8
What is the tens digit of 46406657?
5
What is the millions digit of 1378499529?
8
What is the ten thousands digit of 10071276?
7
What is the hundreds digit of 42158379?
3
What is the units digit of 26027881?
1
What is the thousands digit of 1009181?
9
What is the hundreds digit of 59725145?
1
What is the tens digit of 632847416?
1
What is the ten thousands digit of 1771543477?
4
What is the hundred thousands digit of 101328265?
3
What is the ten millions digit of 562500831?
6
What is the hundreds digit of 83658513?
5
What is the units digit of 193337255?
5
What is the hundreds digit of 4452415451?
4
What is the thousands digit of 35895513?
5
What is the hundreds digit of 483592819?
8
What is the hundred thousands digit of 1424502576?
5
What is the ten thousands digit of 3090983038?
8
What is the thousands digit of 7228024267?
4
What is the tens digit of 16154124?
2
What is the hundreds digit of 372970733?
7
What is the hundreds digit of 18710553?
5
What is the hundred millions digit of 3603013512?
6
What is the thousands digit of 574578234?
8
What is the hundred millions digit of 1215204418?
2
What is the millions digit of 39512506?
9
What is the ten millions digit of 3342135638?
4
What is the ten millions digit of 559484524?
5
What is the millions digit of 457673083?
7
What is the ten thousands digit of 751618913?
1
What is the ten thousands digit of 349114230?
1
What is the tens digit of 322874175?
7
What is the units digit of 94395174?
4
What is the hundred thousands digit of 298916021?
9
What is the hundred millions digit of 532132491?
5
What is the hundred thousands digit of 341747098?
7
What is the millions digit of 773866236?
3
What is the billions digit of 2121669722?
2
What is the ten thousands digit of 30433009?
3
What is the ten thousands digit of 19836086?
3
What is the units digit of 23425466?
6
What is the ten thousands digit of 60453519?
5
What is the units digit of 172126161?
1
What is the hundred thousands digit of 287741965?
7
What is the hundreds digit of 21108478?
4
What is the hundred millions digit of 305150201?
3
What is the tens digit of 7864842?
4
What is the hundred thousands digit of 606110627?
1
What is the hundreds digit of 22493985?
9
What is the billions digit of 1688169727?
1
What is the ten thousands digit of 40230914?
3
What is the millions digit of 11092396?
1
What is the units digit of 839432995?
5
What is the hundred thousands digit of 157579?
1
What is the hundred thousands digit of 142950026?
9
What is the ten millions digit of 749130986?
4
What is the tens digit of 89171455?
5
What is the ten thousands digit of 480087299?
8
What is the ten thousands digit of 156197758?
9
What is the hundred thousands digit of 197987036?
9
What is the thousands digit of 670077547?
7
What is the units digit of 17890395?
5
What is the hundred thousands digit of 466410921?
4
What is the tens digit of 28074786?
8
What is the millions digit of 641561690?
1
What is the hundred thousands digit of 321867158?
8
What is the millions digit of 17997371?
7
What is the units digit of 26671608?
8
What is the thousands digit of 179640192?
0
What is the tens digit of 12347765?
6
What is the hundreds digit of 87704758?
7
What is the hundred thousands digit of 493796159?
7
What is the hundred thousands digit of 27359041?
3
What is the units digit of 2103108?
8
What is the ten millions digit of 7133899635?
3
What is the tens digit of 5643471?
7
What is the thousands digit of 65792950?
2
What is the hundred millions digit of 138444124?
1
What is the ten thousands digit of 967061803?
6
What is the tens digit of 1389403106?
0
What is the millions digit of 920302447?
0
What is the billions digit of 3597631357?
3
What is the millions digit of 24985704?
4
What is the ten millions digit of 108783421?
0
What is the tens digit of 904017107?
0
What is the thousands digit of 3976406?
6
What is the millions digit of 672249778?
2
What is the tens digit of 88717835?
3
What is the units digit of 36162830?
0
What is the hundred thousands digit of 577653176?
6
What is the hundreds digit of 2713747939?
9
What is the thousands digit of 1987848939?
8
What is the hundreds digit of 149643990?
9
What is the tens digit of 403725300?
0
What is the billions digit of 5194415270?
5
What is the tens digit of 260000357?
5
What is the hundreds digit of 12895626?
6
What is the hundred millions digit of 581672278?
5
What is the tens digit of 149665689?
8
What is the ten thousands digit of 113554159?
5
What is the units digit of 3600208949?
9
What is the billions digit of 2259373767?
2
What is the millions digit of 947386600?
7
What is the billions digit of 1917002852?
1
What is the units digit of 47288425?
5
What is the tens digit of 921982?
8
What is the ten thousands digit of 484667895?
6
What is the hundred thousands digit of 96653057?
6
What is the millions digit of 2794141?
2
What is the millions digit of 1084787305?
4
What is the hundreds digit of 2308048816?
8
What is the ten millions digit of 75284942?
7
What is the hundred thousands digit of 43053549?
0
What is the ten millions digit of 27095392?
2
What is the hundred millions digit of 187021796?
1
What is the units digit of 326010048?
8
What is the tens digit of 443871985?
8
What is the ten thousands digit of 73576439?
7
What is the ten millions digit of 3573206899?
7
What is the millions digit of 2880555554?
0
What is the hundred thousands digit of 133154889?
1
What is the ten millions digit of 30199484?
3
What is the ten thousands digit of 490385633?
8
What is the hundred thousands digit of 305054645?
0
What is the hundreds digit of 17760446?
4
What is the billions digit of 1514385535?
1
What is the millions digit of 50957412?
0
What is the ten millions digit of 37823168?
3
What is the millions digit of 1561696?
1
What is the billions digit of 2403756658?
2
What is the units digit of 7485871313?
3
What is the ten millions digit of 3643439793?
4
What is the hundred thousands digit of 11045494?
0
What is the hundred thousands digit of 2229252461?
2
What is the